it of 1288?
8
What is the thousands digit of 1211?
1
What is the tens digit of 1920?
2
What is the units digit of 1036?
6
What is the thousands digit of 2421?
2
What is the hundreds digit of 756?
7
What is the tens digit of 15634?
3
What is the tens digit of 2437?
3
What is the ten thousands digit of 26895?
2
What is the ten thousands digit of 12001?
1
What is the hundreds digit of 1069?
0
What is the units digit of 10772?
2
What is the tens digit of 6051?
5
What is the hundreds digit of 1963?
9
What is the units digit of 11114?
4
What is the tens digit of 45079?
7
What is the tens digit of 9617?
1
What is the tens digit of 30388?
8
What is the units digit of 2326?
6
What is the units digit of 482?
2
What is the thousands digit of 2131?
2
What is the hundreds digit of 560?
5
What is the ten thousands digit of 90218?
9
What is the hundreds digit of 1614?
6
What is the units digit of 5442?
2
What is the thousands digit of 2029?
2
What is the thousands digit of 1040?
1
What is the thousands digit of 2808?
2
What is the tens digit of 22610?
1
What is the thousands digit of 39715?
9
What is the thousands digit of 2150?
2
What is the units digit of 1345?
5
What is the thousands digit of 9114?
9
What is the units digit of 373?
3
What is the tens digit of 50?
5
What is the hundreds digit of 24292?
2
What is the units digit of 45620?
0
What is the units digit of 34?
4
What is the hundreds digit of 611?
6
What is the tens digit of 52?
5
What is the units digit of 15413?
3
What is the thousands digit of 2116?
2
What is the tens digit of 2638?
3
What is the hundreds digit of 67863?
8
What is the units digit of 971?
1
What is the thousands digit of 30702?
0
What is the thousands digit of 46642?
6
What is the units digit of 956?
6
What is the units digit of 159836?
6
What is the hundreds digit of 30163?
1
What is the hundreds digit of 7677?
6
What is the hundreds digit of 18930?
9
What is the thousands digit of 15136?
5
What is the thousands digit of 4461?
4
What is the hundreds digit of 85458?
4
What is the hundreds digit of 862?
8
What is the thousands digit of 10240?
0
What is the thousands digit of 1621?
1
What is the thousands digit of 88886?
8
What is the ten thousands digit of 47185?
4
What is the tens digit of 40598?
9
What is the tens digit of 522?
2
What is the ten thousands digit of 76662?
7
What is the thousands digit of 2606?
2
What is the tens digit of 596?
9
What is the tens digit of 700?
0
What is the ten thousands digit of 64787?
6
What is the tens digit of 1073?
7
What is the hundreds digit of 2441?
4
What is the tens digit of 850?
5
What is the thousands digit of 4595?
4
What is the units digit of 6238?
8
What is the thousands digit of 4037?
4
What is the hundreds digit of 806?
8
What is the tens digit of 3519?
1
What is the thousands digit of 64014?
4
What is the tens digit of 1254?
5
What is the tens digit of 6388?
8
What is the hundreds digit of 8430?
4
What is the tens digit of 2686?
8
What is the ten thousands digit of 40307?
4
What is the thousands digit of 2525?
2
What is the units digit of 23220?
0
What is the tens digit of 21386?
8
What is the units digit of 392?
2
What is the tens digit of 11766?
6
What is the thousands digit of 1588?
1
What is the hundreds digit of 850?
8
What is the units digit of 94775?
5
What is the units digit of 40555?
5
What is the units digit of 912?
2
What is the hundreds digit of 17260?
2
What is the units digit of 216?
6
What is the units digit of 6202?
2
What is the ten thousands digit of 14867?
1
What is the hundreds digit of 38586?
5
What is the units digit of 2500?
0
What is the thousands digit of 5016?
5
What is the units digit of 19250?
0
What is the ten thousands digit of 17300?
1
What is the units digit of 98625?
5
What is the tens digit of 399?
9
What is the tens digit of 37719?
1
What is the thousands digit of 17828?
7
What is the thousands digit of 6932?
6
What is the hundreds digit of 55758?
7
What is the thousands digit of 11144?
1
What is the tens digit of 459?
5
What is the hundreds digit of 450?
4
What is the tens digit of 1082?
8
What is the tens digit of 108?
0
What is the hundreds digit of 2431?
4
What is the thousands digit of 3601?
3
What is the hundreds digit of 197708?
7
What is the hundreds digit of 3582?
5
What is the tens digit of 101?
0
What is the units digit of 1653?
3
What is the thousands digit of 34014?
4
What is the tens digit of 96942?
4
What is the hundreds digit of 2369?
3
What is the tens digit of 13499?
9
What is the units digit of 1054?
4
What is the tens digit of 4020?
2
What is the ten thousands digit of 128814?
2
What is the ten thousands digit of 28915?
2
What is the hundreds digit of 15314?
3
What is the tens digit of 8498?
9
What is the thousands digit of 1048?
1
What is the units digit of 8826?
6
What is the hundreds digit of 8473?
4
What is the hundreds digit of 247?
2
What is the thousands digit of 39438?
9
What is the thousands digit of 9103?
9
What is the ten thousands digit of 60453?
6
What is the units digit of 4591?
1
What is the tens digit of 1674?
7
What is the tens digit of 4006?
0
What is the tens digit of 545?
4
What is the units digit of 30678?
8
What is the tens digit of 4023?
2
What is the units digit of 937?
7
What is the units digit of 21768?
8
What is the units digit of 482?
2
What is the hundreds digit of 1167?
1
What is the units digit of 38804?
4
What is the hundreds digit of 5668?
6
What is the tens digit of 1260?
6
What is the tens digit of 1261?
6
What is the units digit of 533?
3
What is the units digit of 12184?
4
What is the tens digit of 2280?
8
What is the hundreds digit of 379?
3
What is the hundreds digit of 219?
2
What is the thousands digit of 12660?
2
What is the units digit of 418?
8
What is the units digit of 860?
0
What is the hundreds digit of 68171?
1
What is the hundreds digit of 25572?
5
What is the hundred thousands digit of 147917?
1
What is the hundreds digit of 1707?
7
What is the ten thousands digit of 14365?
1
What is the hundreds digit of 6786?
7
What is the units digit of 1042?
2
What is the hundreds digit of 20363?
3
What is the units digit of 1023?
3
What is the units digit of 99754?
4
What is the tens digit of 2038?
3
What is the thousands digit of 65218?
5
What is the hundreds digit of 1023?
0
What is the units digit of 8315?
5
What is the ten thousands digit of 26223?
2
What is the units digit of 3046?
6
What is the tens digit of 122098?
9
What is the ten thousands digit of 11626?
1
What is the thousands digit of 1815?
1
What is the thousands digit of 2616?
2
What is the tens digit of 5136?
3
What is the hundred thousands digit of 110028?
1
What is the tens digit of 3357?
5
What is the units digit of 3241?
1
What is the units digit of 126912?
2
What is the thousands digit of 65408?
5
What is the tens digit of 329?
2
What is the ten thousands digit of 27713?
2
What is the hundreds digit of 2862?
8
What is the units digit of 5917?
7
What is the hundreds digit of 6931?
9
What is the units digit of 2430?
0
What is the thousands digit of 13940?
3
What is the hundreds digit of 6457?
4
What is the hundreds digit of 44742?
7
What is the tens digit of 37033?
3
What is the thousands digit of 49620?
9
What is the hundreds digit of 354?
3
What is the units digit of 2810?
0
What is the hundreds digit of 3703?
7
What is the tens digit of 1458?
5
What is the hundreds digit of 2495?
4
What is the units digit of 719?
9
What is the hundreds digit of 1002?
0
What is the units digit of 2712?
2
What is the hundreds digit of 1235?
2
What is the units digit of 107022?
2
What is the tens digit of 5912?
1
What is the tens digit of 367?
6
What is the hundreds digit of 22120?
1
What is the hundreds digit of 78214?
2
What is the tens digit of 1991?
9
What is the tens digit of 1537?
3
What is the units digit of 852?
2
What is the hundreds digit of 22624?
6
What is the tens digit of 1086?
8
What is the units digit of 30387?
7
What is the hundreds digit of 3444?
4
What is the ten thousands digit of 32533?
3
What is the thousands digit of 5627?
5
What is the units digit of 16248?
8
What is the hundreds digit of 18154?
1
What is the hundreds digit of 58268?
2
What is the hundreds digit of 765?
7
What is the tens digit of 1226?
2
W